*g + 2. Let q be 2/2 - (-9 + 8). Suppose 0 = -q*h + 9*h + 28. Determine o(h).
-10
Let v(u) = 3*u**2 + u**3 + 8 - 7*u - 5*u**2 + 9*u**2. Suppose -5*r = -22 - 78. Suppose -36 = r*i + 124. What is v(i)?
0
Let d(q) = 10*q + 2. Suppose 329*b + 4034 = 1402. Calculate d(b).
-78
Suppose -2*t + 14 = -4*n, 2*t - 22 = 5*n - 2*t. Let x(i) be the second derivative of 0 + 2/3*i**3 - 128*i - i**2. Give x(n).
-10
Let o = -3776 - -3768. Let c(l) = -3*l + 2. What is c(o)?
26
Let o(q) = -2*q - q**3 + 5 + 6 + 3*q**2 - 8 - 2 - q. Give o(2).
-1
Let y(u) = 43*u - 83 + 37*u - 123*u + 48*u. Determine y(19).
12
Suppose 0 = -2*a + 3*a. Let x(i) = -1 - 3*i**2 - i + 4*i + a*i**2 + 2*i**2. Suppose -5*q + 11 = -4. What is x(q)?
-1
Let h(i) = -i**3 - 14*i**2 + 42*i - 157. Let n be h(-17). Let j(m) = m**3 - m**2 - 20*m + 4. Give j(n).
4
Let p(i) = i**2 + 25*i + 25. Let d be (1302/(-27))/2 + 12 + (-1391)/117. Determine p(d).
1
Let a(t) = t**3 + 35*t**2 + 63*t - 78. Let q be a(-33). Let m(p) = 2*p - 33. Calculate m(q).
9
Suppose 5*t + 20 = -3*q, 3*t + 2 = 4*q + 19. Let l(c) = 5*c**3 - c**2 - c. Give l(t).
-5
Let r = -9 + 12. Let h(k) = -375*k + k**2 + 185*k - r + 200*k. What is h(-5)?
-28
Suppose -y + 4*x - 2 = y, 3*x = 0. Let h(t) = 7*t**2 - 12*t - 6. Let f = -983 - -977. Let a(d) = 7*d**2 - 14*d - 7. Let n(l) = f*a(l) + 7*h(l). Calculate n(y).
7
Let z(d) be the first derivative of d**2/2 - 2*d + 54. Let v(h) = 3*h + 37. Let p be v(-10). What is z(p)?
5
Let t(s) be the first derivative of -s**4/4 - 5*s**3/3 + s**2/2 - 7*s + 70. What is t(-4)?
-27
Let j = -189920 - -189908. Let m(o) be the third derivative of 5*o**4/24 + 4*o**3/3 + o**2. What is m(j)?
-52
Let s(a) be the first derivative of a**4/4 + 11*a**3 - a**2/2 - 35*a + 1065. Give s(-33).
-2
Let j(w) = w**3 - 11*w**2 + 35*w - 409. Let i be j(11). Let t(r) = -r**3 - 22*r**2 + 45*r - 47. Give t(i).
25
Let r = 60 + -53. Let o(t) be the second derivative of t**3/6 + 2*t**2 - 12*t. Calculate o(r).
11
Let y(n) be the third derivative of n**4/24 + 3*n**3 - 70*n**2. What is y(-4)?
14
Let c(h) = 4*h + 9. Let q(i) = 6*i + 13. Let r(k) = 8*c(k) - 5*q(k). Suppose 4*g + 12 = 3*b, 5*g + 1 = 4*b - 15. What is r(g)?
7
Let f(p) = -p**2 - 65*p - 1056. Let g be f(-33). Let n(b) = b**3 + 2*b**2 - b + 31. Determine n(g).
31
Let j(v) = 3*v - 1. Suppose -34*k - 16*k = -5700. Suppose k*m - 115*m = 2. What is j(m)?
-7
Let h(g) = 2*g**3 - 6*g**2 - g - 9. Suppose 397*s = 84 + 1504. Calculate h(s).
19
Suppose -3*r + 0 = -6. Let d(x) = 25*x**r + 994 + x - 994. Give d(-1).
24
Let g(u) be the first derivative of -9*u**4/4 + u**2/2 - 3*u + 3212. What is g(2)?
-73
Let y be 1*(-6 - -3) + (-1 - -1). Let b = y - 93. Let j = b - -104. Let s(q) = q**3 - 9*q**2 + 7*q + 8. Give s(j).
0
Let f(o) = -2*o**3 - 13*o**2 + 15*o + 44. Let x(p) = -2*p**2 - 111*p - 322. Let s be x(-3). Give f(s).
-12
Let a(j) = -j**3 - j**2 - 3*j - 2. Let u(x) = -2*x - 2*x + 2*x - 18 - 14*x. Let i be u(-1). Give a(i).
8
Let v(a) = -a**2 + 8*a - 3. Let q(t) = -t**3 - 9*t**2 - 17*t - 15. Let d be q(-7). Suppose d*u = -4*u + 60. Calculate v(u).
9
Let h(p) = -p + 4. Let s(r) = 3*r**2 + 124*r - 80. Let u be s(-42). Determine h(u).
0
Let l be -4 + -2 + (-8 - -110). Let a be l/(-24) - ((-4)/(-2) + 0). Let q(b) = 4*b + 6. Give q(a).
-18
Let c(o) = -o**2 - o - 11. Let s(d) = -6*d**2 - 5*d - 67. Let t(g) = -13*c(g) + 2*s(g). What is t(3)?
27
Let w(x) = -x + 11. Let h(k) = -6*k - 6. Let r(a) = -6*a - 3. Let p be r(-1). Suppose -2*m - 19 = 3*y, p*y + 14 = -1. Let t be h(m). Calculate w(t).
5
Let u(s) = -5*s - 13. Let c(i) = i**3 + 7*i**2 + 2*i + 8. Let b be c(-7). Let p be u(b). Suppose -d + p = 16*d. Let x(g) = -6*g + 1. What is x(d)?
-5
Let x(o) be the second derivative of 19/2*o**2 + 11/6*o**3 + 1/24*o**4 + 0 - 24*o. Let y(q) be the first derivative of x(q). Give y(-8).
3
Let h = 51 + -75. Let p = -28 - h. Let u(q) = -1 + 14*q**2 - 29*q - 13*q**2 + 34*q. What is u(p)?
-5
Suppose 328 - 22 = 3*p. Let u(m) = 103*m**3 - 41*m - p*m**3 + 36*m - 4*m**2. Calculate u(5).
0
Let c(u) = 9 + 0*u**2 - 735710*u - u**2 + 2*u**2 + 735700*u. Give c(5).
-16
Suppose -2*r - 16 + 22 = 0. Let c(f) = f**3 - 4*f**2 + 2*f + 5. Let b be c(r). Let x(o) = 4 - 5*o**3 - 3*o**b + 6*o**3 - 1 + 1. What is x(4)?
20
Let c(r) = -r - 6. Let x(q) = q**2 - 15*q + 42. Suppose m - 28 = 4*a, -11*m - 20 = -12*m + 2*a. Let k be x(m). Give c(k).
-12
Let h(a) = -a**2 - a + 8. Suppose -139*v = -145*v + 18. Let d be 0/(8 - 30/v). Give h(d).
8
Let v(b) = -b**2 + 3*b - 2. Let t(y) = -4*y**2 - 2*y - 42. Let h(u) = t(u) - 3*v(u). Calculate h(-10).
-26
Let w(n) = -4*n + 3*n + 22*n**2 - 25*n**2 + 2 + 9*n**2 + 2*n. Determine w(-1).
7
Suppose 13 - 1 = -3*k. Let y be 0 - (16/2)/k. Let m(d) = -2*d**y - 4*d**2 - 2*d - d**3 + d**2. Give m(-4).
-8
Let l(m) = 2*m**2 + m - 1. Let g be (-172)/(-36) - (-2)/9. Let j(r) = -9 + 22 + 5*r**2 + 0*r**3 - 25 + 2*r - r**3. Let a be j(g). Give l(a).
5
Let o(l) = 13 + 21859*l - 7*l**3 - 7*l**2 + 6*l**3 - 21856*l + 0*l**3 - 4. Calculate o(-6).
-45
Let d(i) be the first derivative of -i**4/24 - i**3/3 + 46*i**2 + 61. Let g(n) be the second derivative of d(n). Give g(3).
-5
Let m(c) = -2*c - 29. Suppose 486*w = 480*w + 480. Suppose -6*x + 4*h = 110, -x - 4*h + w = -5*x. What is m(x)?
1
Let w(z) = 2*z - 1 - 2 + 2. Let g = -677 - -670. Let m be ((-21)/9)/g - 5/(-3). Give w(m).
3
Suppose -2*v = 10*v - 84. Let m(c) = 4 - 8 + 2 + c. Calculate m(v).
5
Let w(g) = -g**2 - 6*g + 8. Suppose 541 - 531 = 5*x. Suppose 4*y = x*z - 18, -3*y + 7*z = 3*z + 1. Determine w(y).
1
Let d(u) = u**2 + 7*u - 6. Let s be (-711)/158*(-14)/9. Suppose 2*c - s*c = -a, -5*a + 2*c = 23. Calculate d(a).
-16
Let m(p) = p**3 + 35*p**2 + 304*p - 3. Let b be m(-19). Let g(d) = -14*d - 4. Determine g(b).
38
Let w(l) = -l - 1. Suppose 10*x = 32 + 148. Suppose -221*c = -224*c + x. Give w(c).
-7
Let u(v) = -v**3 - 11*v**2 + 85*v + 79. Let a be u(-16). Let t(l) = -75*l**2 + l + 2. Determine t(a).
-74
Let r(z) be the third derivative of -11*z**4/8 + 35*z**3/6 - 544*z**2. Calculate r(1).
2
Let q(o) = 2*o**3 + 2*o**2 + 3*o + 3. Suppose -15*s = -12*s - 6. Suppose r - 10 = -s. Suppose -28 = 10*p - r. Determine q(p).
-11
Let a be ((-4)/2)/(-6)*3. Let o(y) = y + 2 - y**2 + a - 2. Let b(d) = -d**3 + 37*d**2 - 8*d + 299. Let w be b(37). What is o(w)?
-5
Let w(g) = -g**3 + 47*g**2 - 9*g + 414. Let n be w(47). Let b(k) = 9*k + 56. Calculate b(n).
-25
Let k be 5/(-1)*(-6)/(-15). Suppose -5 = 15*m - 35. Let v(h) = m - 2 - 12*h + 2 + 13*h. What is v(k)?
0
Let p(o) = -o + 5. Suppose -10 = -5*i + 2*c, -4*i + 2*i + 4 = -2*c. Let n(b) = -5*b + 2*b**2 - 2*b**2 + 0 + 4 - b**i. Let u be n(-4). What is p(u)?
-3
Let c(s) = -4*s**2 - 4*s**2 + 6*s**2 + 2427*s - 26 - 2372*s. Give c(27).
1
Let f(n) = -24*n + 1. Let i(z) = -46*z - 17. Let t(h) = 2*f(h) - i(h). Calculate t(-11).
41
Let a(l) be the first derivative of l**4/4 - l**2/2 - 6*l + 417. Let w(z) = z + 6. Let t(f) = -3*f + 6. Let k be t(4). Let h be w(k). Determine a(h).
-6
Let p(a) = -a + 13. Let l be 5 + 1 + 0/(-1). Let i(m) be the second derivative of -m**4/12 + m**3 - 22*m - 8. Let b be i(l). Give p(b).
13
Let o be 11 - (-560)/(-48) - 2/(-3). Let s(l) = -20 - 2*l - 3*l + 4*l. Give s(o).
-20
Suppose -2*s = 2*s + 36. Let m(b) be the first derivative of -4*b**2 - 67*b + 422. Let o be m(s). Let g(z) = -z**3 + 5*z**2 + 6. Determine g(o).
6
Let w(u) = 13*u**2 - 53*u + u**3 + 52*u - 19*u**2 - 3 + 1. Give w(6).
-8
Let k(q) be the third derivative of -11*q**4/24 + 107*q**3/2 - 1117*q**2 + 3*q. Calculate k(29).
2
Let z(x) = -7*x - 12. Let w be z(-2). Let s(m) be the first derivative of -w*m**2 + 9 - 45*m + 24*m + 20*m. Determine s(-2).
7
Let i be (9/(-5))/(37/(-925)). Let a be (-6)/i - 310/(-75). Let k(t) = -2*t**2 + 8*t - 4. What is k(a)?
-4
Let u(p) = -18*p + 40. Suppose 0 = 2*b - 16, -180 = 3*s + b - 194. Calculate u(s).
4
Let j(p) = 26*p - 96. Let k(s) = 13*s - 53. Let d(m) = -3*j(m) + 5*k(m). Give d(1).
10
Let x(i) = -104*i - 27*i**3 + 118*i - 17*i**2 + 15*i**3 + 11*i**3 - 53. What is x(-18)?
19
Let j(u) = -18*u + 2. Let s(o) = -89*o + 715. Let m be s(8). Determine j(m).
-52
Suppose -15*w - 285 + 90 = 0. Let f(j) = j**2 + 11*j - 17. What is f(w)?
9
Let o(s) = 138*s**2 + 5*s - 234. Let b(t) = 29*t**2 + t - 46. Let d(w) = -19*b(w) + 4*